.
0
What is 1 (base 2) in base 5?
1
3 (base 7) to base 4
3
What is 1 (base 11) in base 3?
1
Convert -11b (base 13) to base 6.
-521
Convert -32 (base 8) to base 7.
-35
Convert 252 (base 8) to base 15.
b5
What is 8 (base 14) in base 8?
10
What is 3 (base 13) in base 14?
3
3 (base 6) to base 9
3
-26 (base 7) to base 4
-110
-20 (base 10) to base 8
-24
Convert -2 (base 16) to base 15.
-2
What is 0 (base 7) in base 8?
0
Convert 11 (base 7) to base 13.
8
6 (base 8) to base 11
6
What is 4 (base 11) in base 3?
11
Convert -bd (base 14) to base 8.
-247
Convert 6 (base 13) to base 6.
10
2 (base 4) to base 16
2
What is -16 (base 14) in base 4?
-110
What is -103 (base 10) in base 16?
-67
What is 10011 (base 2) in base 5?
34
Convert 54 (base 7) to base 9.
43
Convert 5 (base 12) to base 10.
5
What is -10001001 (base 2) in base 4?
-2021
What is 240 (base 10) in base 5?
1430
What is 3 (base 12) in base 2?
11
-2 (base 3) to base 14
-2
Convert -4b (base 16) to base 6.
-203
What is -153 (base 13) in base 7?
-456
-4 (base 12) to base 6
-4
-12 (base 3) to base 12
-5
-31 (base 10) to base 8
-37
d (base 14) to base 9
14
100 (base 4) to base 9
17
Convert -1001110 (base 2) to base 6.
-210
What is 1b (base 12) in base 2?
10111
-55 (base 16) to base 2
-1010101
What is -1 (base 8) in base 7?
-1
What is -4 (base 7) in base 12?
-4
What is 4 (base 14) in base 8?
4
2 (base 3) to base 9
2
What is -150 (base 7) in base 4?
-1110
Convert -1 (base 6) to base 12.
-1
What is -ac (base 15) in base 14?
-b8
-1 (base 12) to base 8
-1
What is -20 (base 6) in base 7?
-15
-45 (base 11) to base 4
-301
What is -11 (base 10) in base 8?
-13
What is -265 (base 7) in base 3?
-12101
-4 (base 11) to base 10
-4
Convert 2 (base 4) to base 11.
2
Convert -13 (base 11) to base 6.
-22
What is 3 (base 13) in base 6?
3
118 (base 16) to base 13
187
Convert -7 (base 16) to base 2.
-111
Convert 2 (base 14) to base 13.
2
What is 1 (base 3) in base 10?
1
11 (base 15) to base 2
10000
Convert -32 (base 11) to base 4.
-203
Convert -17 (base 10) to base 13.
-14
-6 (base 8) to base 6
-10
Convert 21 (base 6) to base 2.
1101
-5 (base 9) to base 2
-101
Convert 2 (base 5) to base 14.
2
72 (base 10) to base 8
110
Convert 13 (base 11) to base 8.
16
Convert -1313 (base 5) to base 4.
-3100
-e6 (base 15) to base 12
-160
Convert 1e (base 16) to base 13.
24
Convert 10 (base 3) to base 16.
3
-81 (base 9) to base 16
-49
What is 2 (base 11) in base 15?
2
What is -5 (base 12) in base 4?
-11
-1 (base 10) to base 9
-1
What is -12 (base 14) in base 8?
-20
-4 (base 16) to base 13
-4
What is -5 (base 8) in base 10?
-5
2011 (base 3) to base 8
72
-122 (base 4) to base 12
-22
What is 72 (base 16) in base 15?
79
4 (base 11) to base 13
4
Convert -15 (base 6) to base 14.
-b
Convert 109 (base 14) to base 7.
412
What is 13 (base 5) in base 9?
8
What is 10 (base 5) in base 11?
5
What is -2114 (base 5) in base 3?
-101112
Convert 20 (base 6) to base 8.
14
Convert 0 (base 11) to base 14.
0
-4 (base 8) to base 14
-4
What is 11 (base 12) in base 9?
14
-2032 (base 5) to base 6
-1123
Convert -1 (base 14) to base 6.
-1
Convert 2 (base 16) to base 12.
2
What is 2 (base 7) in base 13?
2
What is -113 (base 5) in base 12?
-29
-21 (base 3) to base 9
-7
Convert 11 (base 4) to base 15.
5
What is 13 (base 9) in base 12?
10
What is -44 (base 10) in base 2?
-101100
Convert 6 (base 9) to base 14.
6
Convert -4 (base 7) to base 10.
-4
What is b5 (base 13) in base 6?
404
Convert -3 (base 16) to base 13.
-3
What is -6 (base 12) in base 8?
-6
Convert 1112 (base 4) to base 14.
62
Convert 0 (base 10) to base 6.
0
What is 121 (base 5) in base 2?
100100
-2 (base 8) to base 6
-2
Convert 1 (base 5) to base 16.
1
-100 (base 4) to base 16
-10
0 (base 15) to base 11
0
Convert -7 (base 8) to base 10.
-7
Convert 51 (base 7) to base 16.
24
What is -5 (base 7) in base 14?
-5
Convert 13 (base 9) to base 12.
10
What is 0 (base 10) in base 7?
0
1012 (base 3) to base 7
44
Convert 14 (base 11) to base 13.
12
-20 (base 10) to base 7
-26
Convert -4 (base 14) to base 16.
-4
314 (base 5) to base 16
54
What is 6 (base 16) in base 8?
6
110101 (base 2) to base 9
58
What is -7 (base 8) in base 3?
-21
What is -2 (base 14) in base 12?
-2
Convert 41 (base 7) to base 5.
104
What is 5 (base 9) in base 12?
5
-1001 (base 2) to base 12
-9
Convert -20 (base 11) to base 7.
-31
What is 3 (base 8) in base 14?
3
3a (base 13) to base 3
1211
Convert -2 (base 15) to base 4.
-2
What is -1 (base 2) in base 16?
-1
Convert -17 (base 15) to base 4.
-112
-22 (base 3) to base 9
-8
What is 60 (base 8) in base 10?
48
What is 40 (base 8) in base 14?
24
What is 2 (base 14) in base 15?
2
2 (base 14) to base 7
2
What is 5 (base 10) in base 2?
101
What is -21 (base 3) in base 15?
-7
What is 1 (base 11) in base 3?
1
Convert 106 (base 9) to base 7.
153
Convert -20 (base 13) to base 15.
-1b
Convert -4 (base 14) to base 2.
-100
-3 (base 10) to base 3
-10
-38 (base 10) to base 11
-35
-10 (base 11) to base 15
-b
-4 (base 14) to base 3
-11
Convert -2 (base 13) to base 6.
-2
Convert 2123 (base 4) to base 2.
10011011
What is 1a (base 13) in base 2?
10111
Convert 0 (base 7) to base 9.
0
2 (base 16) to base 2
10
0 (base 8) to base 3
0
-3311 (base 4) to base 2
-11110101
-9 (base 12) to base 3
-100
What is 5 (base 8) in base 5?
10
What is -102 (base 3) in base 15?
-b
What is -1110 (base 2) in base 5?
-24
24 (base 11) to base 15
1b
Convert 4 (base 15) to base 9.
4
f (base 16) to base 5
30
What is -5 (base 7) in base 3?
-12
-178 (base 13) to base 15
-12d
What is 16 (base 15) in base 7?
30
Convert 3a (base 15) to base 14.
3d
Convert -2 (base 4) to base 11.
-2
What is 15 (base 13) in base 14?
14
What is 2002 (base 4) in base 11?
109
What is -11 (base 5) in base 3?
-20
What is -31 (base 6) in base 5?
-34
2 (base 4) to base 14
2
-23 (base 6) to base 14
-11
Convert 1 (base 15) to base 14.
1
Convert 1 (base 8) to base 4.
1
Convert -90 (base 12) to base 14.
-7a
8 (base 14) to base 6
12
Convert 4b (base 12) to base 14.
43
Convert 76 (base 9) to base 7.
126
Convert -1 (base 9) to base 14.
-1
Convert 3 (base 8) to base 3.
10
What is -59 (base 11) in base 4?
-1000
What is -41 (base 11) in base 6?
-113
Convert -3 (base 12) to base 5.
-3
What is 0 (base 5) in base 8?
0
What is -2 (base 13) in base 9?
-2
101 (base 2) to base 8
5
What is -3 (base 8) in base 6?
-3
-2 (base 10) to base 12
-2
What is -1011 (base 7) in base 13?
-210
Convert 34 (base 13) to base 4.
223
What is 20 (base 5) in base 7?
13
Convert 15 (base 6) to base 11.
10
15 (base 7) to base 6
20
0 (base 9) to base 5
0
What is 5 (base 11) in base 3?
12
Convert 10 (base 12) to base 2.
1100
What is 6 (base 16) in base 6?
10
What is -39 (base 15) in base 5?
-204
-7 (base 8) to base 4
-13
What is 50 (base 11) in base 13?
43
Convert 3 (base 7) to base 15.
3
3 (base 5) to base 12
3
3 (base 4) to base 13
3
What is -12 (base 7) in base 16?
-9
Convert 325 (base 7) to base 8.
246
What is -1b (base 13) in base 2?
-11000
What is 1 (base 16) in base 7?
1
4 (base 16) to base 13
4
-141 (base 13) to base 15
-ec
Convert 56 (base 10) to base 14.
40
Convert 16 (base 13) to base 5.
34
Convert 2 (base 10) to base 14.
2
What is 1010 (base 2) in base 15?
a
-a4 (base 11) to base 3
-11020
Convert -65 (base 13) to base 6.
-215
Convert -3 (base 10) to base 13.
-3
-3 (base 6) to base 10
-3
b (base 13) to base 7
14
What is 213 (base 10) in base 13?
135
Convert 1 (base 3) to base 8.
1
What is -3 (base 13) in base 6?
-3
211 (base 3) to base 6
34
Convert 5 (base 14) to base 9.
5
What is 525 (base 7) in base 5?
2024
Convert -127 (base 11) to base 7.
-303
What is 550 (base 8) in base 3?
111100
Convert 10 (base 4) to base 7.
4
-3 (base 6) to base 3
-10
-36 (base 16) to base 2
-110110
What is 8 (base 10) in base 7?
11
Convert -12 (base 6) to base 10.
-8
What is -1101 (base 2) in base 9?
-14
3a (base 15) to base 16
37
Convert -11 (base 5) to base 2.
-110
Convert -121 (base 4) to base 3.
-221
What is -3 (base 15) in base 5?
-3
4 (base 14) to base 16
4
What is 12 (base 7) in base 12?
9
0 (base 9) to base 5
0
What is 5 (base 13) in base 8?
5
What is 0 (base 2) in base 16?
0
What is -159 (base 12) in base 9?
-256
What is 175 (base 8) in base 11?
104
What is -4 (base 10) in base 15?
-4
Convert -50 (base 7) to base 6.
-55
What is